{"id":230,"date":"2020-01-13T11:17:52","date_gmt":"2020-01-13T11:17:52","guid":{"rendered":"https:\/\/demosites.io\/web-agency-gb\/?page_id=5"},"modified":"2021-09-10T14:44:31","modified_gmt":"2021-09-10T18:44:31","slug":"15c42-web-agency-gb-home","status":"publish","type":"page","link":"https:\/\/www.pschile.cl\/ddhh\/","title":{"rendered":"Inicio"},"content":{"rendered":"\r\n<div class=\"wp-block-cover alignfull\" style=\"min-height: 700px;aspect-ratio:unset;\"><img fetchpriority=\"high\" decoding=\"async\" width=\"1366\" height=\"768\" class=\"wp-block-cover__image-background wp-image-266\" style=\"object-position: 49% 48%;\" src=\"https:\/\/pschile.cl\/ddhh\/wp-content\/uploads\/2021\/04\/web-design-studio-01.png\" alt=\"\" data-object-fit=\"cover\" data-object-position=\"49% 48%\" srcset=\"https:\/\/www.pschile.cl\/ddhh\/wp-content\/uploads\/2021\/04\/web-design-studio-01.png 1366w, https:\/\/www.pschile.cl\/ddhh\/wp-content\/uploads\/2021\/04\/web-design-studio-01-300x169.png 300w, https:\/\/www.pschile.cl\/ddhh\/wp-content\/uploads\/2021\/04\/web-design-studio-01-1024x576.png 1024w, https:\/\/www.pschile.cl\/ddhh\/wp-content\/uploads\/2021\/04\/web-design-studio-01-768x432.png 768w\" sizes=\"(max-width: 1366px) 100vw, 1366px\" \/>\r\n<div class=\"wp-block-cover__inner-container is-layout-flow wp-block-cover-is-layout-flow\">\r\n<div class=\"wp-block-spacer\" style=\"height: 1px;\" aria-hidden=\"true\">\u00a0<\/div>\r\n\r\n\r\n\r\n<h1 class=\"has-text-align-center has-text-color wp-block-heading\" style=\"color: #121212;\">\u00abLa \u00fanica forma de no repetir la historia, es manteniendo viva la memoria\u00bb<\/h1>\r\n\r\n\r\n\r\n<p class=\"has-text-align-center has-text-color\" style=\"color: #121212; font-size: 17px;\"><em>\u00abLa paz solo puede durar donde los derechos humanos son respetados, donde la gente se alimenta y donde los individuos y naciones son libres\u00bb, <\/em>Dalai Lama.<\/p>\r\n\r\n\r\n\r\n<div class=\"wp-block-buttons is-content-justification-center is-layout-flex wp-block-buttons-is-layout-flex\"><\/div>\r\n\r\n\r\n\r\n<div class=\"wp-block-spacer\" style=\"height: 80px;\" aria-hidden=\"true\">\u00a0<\/div>\r\n\r\n\r\n\r\n<div class=\"wp-block-spacer\" style=\"height: 80px;\" aria-hidden=\"true\">\u00a0<\/div>\r\n<\/div>\r\n<\/div>\r\n\r\n\r\n\r\n<div class=\"wp-block-spacer\" style=\"height: 41px;\" aria-hidden=\"true\">\u00a0<\/div>\r\n\r\n\r\n\r\n<div class=\"wp-block-columns is-layout-flex wp-container-core-columns-is-layout-9d6595d7 wp-block-columns-is-layout-flex\">\r\n<div class=\"wp-block-column is-layout-flow wp-block-column-is-layout-flow\">\r\n<div class=\"wp-block-image icon-style is-style-rounded\">\r\n<figure class=\"aligncenter size-large\"><a href=\"https:\/\/www.pschile.cl\/ddhh\/15c42-web-agency-gb-news\/\"><img decoding=\"async\" width=\"70\" height=\"70\" class=\"wp-image-306\" src=\"https:\/\/pschile.cl\/ddhh\/wp-content\/uploads\/2021\/04\/logo-ps-70-R.png\" alt=\"\" \/><\/a><\/figure>\r\n<\/div>\r\n\r\n\r\n\r\n<h3 class=\"has-text-align-center has-neve-text-color-color has-text-color wp-block-heading\"><a href=\"https:\/\/www.pschile.cl\/ddhh\/15c42-web-agency-gb-news\/\">Historias<\/a><\/h3>\r\n\r\n\r\n\r\n<p class=\"has-text-align-center\">Conoce las historias de nuestras compa\u00f1eras y compa\u00f1eros que jam\u00e1s desertaron y son un ejemplo de militancia para las actuales generaciones de socialistas.<\/p>\r\n\r\n\r\n\r\n<div class=\"wp-block-spacer\" style=\"height: 20px;\" aria-hidden=\"true\">\u00a0<\/div>\r\n<\/div>\r\n\r\n\r\n\r\n<div class=\"wp-block-column is-layout-flow wp-block-column-is-layout-flow\">\r\n<div class=\"wp-block-image icon-style is-style-default\">\r\n<figure class=\"aligncenter size-large\"><img decoding=\"async\" width=\"70\" height=\"70\" class=\"wp-image-304\" src=\"https:\/\/pschile.cl\/ddhh\/wp-content\/uploads\/2021\/04\/logo-act-3-2.png\" alt=\"\" \/><\/figure>\r\n<\/div>\r\n\r\n\r\n\r\n<h3 class=\"has-text-align-center has-neve-text-color-color has-text-color wp-block-heading\">Actividades<\/h3>\r\n\r\n\r\n\r\n<p class=\"has-text-align-center\">Regularmente conmemoramos a nuestras compa\u00f1eras y compa\u00f1eros que ya no est\u00e1n con nosotros, ac\u00e1 puedes encontrar informaci\u00f3n al respecto.<\/p>\r\n\r\n\r\n\r\n<div class=\"wp-block-spacer\" style=\"height: 20px;\" aria-hidden=\"true\">\u00a0<\/div>\r\n<\/div>\r\n\r\n\r\n\r\n<div class=\"wp-block-column is-layout-flow wp-block-column-is-layout-flow\">\r\n<div class=\"wp-block-image icon-style is-style-default\">\r\n<figure class=\"aligncenter size-large\"><img loading=\"lazy\" decoding=\"async\" width=\"150\" height=\"70\" class=\"wp-image-307\" src=\"https:\/\/pschile.cl\/ddhh\/wp-content\/uploads\/2021\/04\/ddhh2.png\" alt=\"\" \/><\/figure>\r\n<\/div>\r\n\r\n\r\n\r\n<h3 class=\"has-text-align-center has-neve-text-color-color has-text-color wp-block-heading\">Comunicados<\/h3>\r\n\r\n\r\n\r\n<p class=\"has-text-align-center\">En tiempos donde se hace importante tener un activo y constate respeto por los DDHH, denunciar, comunicar o hablar sobre este tema es prioritario y necesario.<\/p>\r\n\r\n\r\n\r\n<div class=\"wp-block-spacer\" style=\"height: 20px;\" aria-hidden=\"true\">\u00a0<\/div>\r\n<\/div>\r\n<\/div>\r\n\r\n\r\n\r\n<div class=\"wp-block-spacer\" style=\"height: 1px;\" aria-hidden=\"true\">\u00a0<\/div>\r\n\r\n\r\n<!-- \/wp:post-content -->\r\n<p><iframe title=\"Vivos Recuerdos\" width=\"720\" height=\"405\" src=\"https:\/\/www.youtube.com\/embed\/XDu0XcjBvTA?feature=oembed\" frameborder=\"0\" allow=\"accelerometer; autoplay; clipboard-write; encrypted-media; gyroscope; picture-in-picture\" allowfullscreen><\/iframe><\/p>\r\n<p><span style=\"color: #333333; font-family: Poppins, sans-serif; font-size: 2.25em;\">VivosRecuerdos.cl<\/span><\/p>\r\n<div class=\"wp-block-column\" style=\"flex-basis: 50%;\"><!-- \/wp:heading -->\r\n\r\n<!-- wp:quote -->\r\n<blockquote class=\"wp-block-quote\">\r\n<p>VivosRecuerdos.cl es un proyecto fotogr\u00e1fico con el que invitamos a reflexionar y conversar sobre los derechos humanos y nuestra propia historia.<\/p>\r\n<\/blockquote>\r\n<!-- \/wp:quote -->\r\n\r\n<!-- wp:buttons -->\r\n<div class=\"wp-block-buttons\"><!-- wp:button {\"backgroundColor\":\"red\",\"textColor\":\"whrite\",\"width\":100,\"className\":\"is-style-fill\"} -->\r\n<div class=\"wp-block-button has-custom-width wp-block-button__width-100 is-style-fill\"><a class=\"wp-block-button__link has-black-color has-orange-background-color has-text-color has-background\" href=\"http:\/\/www.vivosrecuerdos.cl\" target=\"_blank\" rel=\"noreferrer noopener\">www.VivosRecuerdos.cl<\/a><\/div>\r\n<!-- \/wp:button --><\/div>\r\n<!-- \/wp:buttons -->\r\n\r\n<!-- wp:paragraph -->\r\n<p>&nbsp;<\/p>\r\n<!-- \/wp:paragraph --><\/div>\r\n<!-- \/wp:column -->\r\n<p>&nbsp;<\/p>\r\n<!-- \/wp:columns -->\r\n\r\n<!-- wp:paragraph -->\r\n<p>&nbsp;<\/p>\r\n<!-- \/wp:paragraph -->","protected":false},"excerpt":{"rendered":"<p>Historias Conoce las historias de nuestras compa\u00f1eras y compa\u00f1eros que jam\u00e1s desertaron y son un ejemplo de militancia para las actuales generaciones de socialistas. Actividades Regularmente conmemoramos a nuestras compa\u00f1eras y compa\u00f1eros que ya no est\u00e1n con nosotros, ac\u00e1 puedes encontrar informaci\u00f3n al respecto. Comunicados En tiempos donde se hace importante tener un activo y constate respeto por los DDHH, [&hellip;]<\/p>\n","protected":false},"author":1,"featured_media":0,"parent":0,"menu_order":0,"comment_status":"closed","ping_status":"closed","template":"","meta":{"footnotes":""},"class_list":["post-230","page","type-page","status-publish","hentry"],"_links":{"self":[{"href":"https:\/\/www.pschile.cl\/ddhh\/wp-json\/wp\/v2\/pages\/230","targetHints":{"allow":["GET"]}}],"collection":[{"href":"https:\/\/www.pschile.cl\/ddhh\/wp-json\/wp\/v2\/pages"}],"about":[{"href":"https:\/\/www.pschile.cl\/ddhh\/wp-json\/wp\/v2\/types\/page"}],"author":[{"embeddable":true,"href":"https:\/\/www.pschile.cl\/ddhh\/wp-json\/wp\/v2\/users\/1"}],"replies":[{"embeddable":true,"href":"https:\/\/www.pschile.cl\/ddhh\/wp-json\/wp\/v2\/comments?post=230"}],"version-history":[{"count":5,"href":"https:\/\/www.pschile.cl\/ddhh\/wp-json\/wp\/v2\/pages\/230\/revisions"}],"predecessor-version":[{"id":535,"href":"https:\/\/www.pschile.cl\/ddhh\/wp-json\/wp\/v2\/pages\/230\/revisions\/535"}],"wp:attachment":[{"href":"https:\/\/www.pschile.cl\/ddhh\/wp-json\/wp\/v2\/media?parent=230"}],"curies":[{"name":"wp","href":"https:\/\/api.w.org\/{rel}","templated":true}]}}